17 is divided by 3296.
3293
What is the remainder when 90213 is divided by 2527?
1768
What is the remainder when 290635 is divided by 9027?
1771
Calculate the remainder when 6564488 is divided by 4359.
4193
Calculate the remainder when 412795 is divided by 320.
315
Calculate the remainder when 125862163 is divided by 7474.
3
What is the remainder when 1850469 is divided by 7312?
533
What is the remainder when 3161689 is divided by 121596?
193
Calculate the remainder when 743437 is divided by 1135.
12
Calculate the remainder when 4279216 is divided by 57.
55
What is the remainder when 158113 is divided by 78257?
1599
What is the remainder when 8082098 is divided by 27?
26
Calculate the remainder when 173294 is divided by 5.
4
What is the remainder when 48620836 is divided by 4051735?
16
What is the remainder when 6597 is divided by 1003?
579
What is the remainder when 17710734 is divided by 1220?
1214
Calculate the remainder when 697844 is divided by 174190.
1084
Calculate the remainder when 56289220 is divided by 503.
502
What is the remainder when 723588 is divided by 1217?
690
Calculate the remainder when 3161303 is divided by 224.
215
What is the remainder when 12633333 is divided by 143?
141
What is the remainder when 26092 is divided by 2359?
143
Calculate the remainder when 1483173 is divided by 639.
54
What is the remainder when 10916529 is divided by 49?
15
Calculate the remainder when 2625213 is divided by 262517.
43
Calculate the remainder when 12691245 is divided by 40.
5
What is the remainder when 837993 is divided by 6347?
189
What is the remainder when 235424 is divided by 39139?
590
What is the remainder when 9870195 is divided by 425?
420
Calculate the remainder when 2379731 is divided by 3573.
113
What is the remainder when 25308 is divided by 618?
588
Calculate the remainder when 3620211 is divided by 65822.
1
Calculate the remainder when 174406 is divided by 2696.
1862
Calculate the remainder when 1098344 is divided by 124.
76
What is the remainder when 5931480 is divided by 522?
516
What is the remainder when 39446651 is divided by 50?
1
What is the remainder when 4537252 is divided by 110?
82
Calculate the remainder when 2341131 is divided by 1170543.
45
What is the remainder when 580594 is divided by 3138?
64
Calculate the remainder when 17577 is divided by 829.
168
Calculate the remainder when 7625193 is divided by 3812584.
25
Calculate the remainder when 5318343 is divided by 671.
668
What is the remainder when 697513 is divided by 77454?
427
What is the remainder when 68188 is divided by 68137?
51
What is the remainder when 1969136 is divided by 185?
181
What is the remainder when 7862269 is divided by 285?
259
Calculate the remainder when 791931 is divided by 10.
1
Calculate the remainder when 2222864 is divided by 30038.
52
What is the remainder when 50260 is divided by 23757?
2746
What is the remainder when 7913114 is divided by 2637693?
35
What is the remainder when 12794779 is divided by 752633?
18
What is the remainder when 127701 is divided by 2251?
1645
Calculate the remainder when 10163099 is divided by 2001.
20
Calculate the remainder when 32580582 is divided by 38.
28
Calculate the remainder when 562644 is divided by 4840.
1204
Calculate the remainder when 2347795 is divided by 1112.
363
What is the remainder when 9273019 is divided by 124?
51
Calculate the remainder when 139051402 is divided by 972.
970
What is the remainder when 2007093 is divided by 1633?
136
What is the remainder when 768805 is divided by 6801?
292
Calculate the remainder when 78034065 is divided by 7008.
6993
What is the remainder when 8330705 is divided by 2082675?
5
What is the remainder when 382795 is divided by 739?
732
Calculate the remainder when 1578144 is divided by 115.
114
What is the remainder when 70112019 is divided by 256?
19
Calculate the remainder when 15348926 is divided by 3837213.
74
Calculate the remainder when 53887 is divided by 4894.
53
What is the remainder when 9011 is divided by 8379?
632
What is the remainder when 2306058 is divided by 563?
10
What is the remainder when 224398 is divided by 49?
27
Calculate the remainder when 9248008 is divided by 231200.
8
Calculate the remainder when 64460298 is divided by 388315.
8
What is the remainder when 47275 is divided by 68?
15
Calculate the remainder when 283985 is divided by 545.
40
What is the remainder when 282614 is divided by 2339?
1934
What is the remainder when 1654623 is divided by 2337?
27
What is the remainder when 188740 is divided by 5678?
1366
Calculate the remainder when 3480812 is divided by 127.
123
What is the remainder when 603341 is divided by 2394?
53
Calculate the remainder when 120968 is divided by 8012.
788
Calculate the remainder when 2081736 is divided by 1026.
1008
What is the remainder when 2352491 is divided by 6032?
11
Calculate the remainder when 4650602 is divided by 148.
146
What is the remainder when 3498028 is divided by 349?
1
What is the remainder when 22893977 is divided by 11446986?
5
Calculate the remainder when 159582 is divided by 79585.
412
Calculate the remainder when 33679 is divided by 3670.
649
What is the remainder when 19056569 is divided by 51?
11
Calculate the remainder when 23457 is divided by 688.
65
What is the remainder when 266452 is divided by 2297?
0
Calculate the remainder when 139683216 is divided by 63.
57
Calculate the remainder when 177172812 is divided by 301.
299
Calculate the remainder when 109795 is divided by 2584.
1267
Calculate the remainder when 447085 is divided by 840.
205
Calculate the remainder when 129892 is divided by 8063.
884
What is the remainder when 28317331 is divided by 321?
316
What is the remainder when 382882 is divided by 34806?
16
Calculate the remainder when 674506 is divided by 371.
28
What is the remainder when 51397505 is divided by 1734?
11
What is the remainder when 22293201 is divided by 1311362?
47
Calculate the remainder when 198301 is divided by 5389.
4297
What is the remainder when 269669941 is divided by 177?
175
Calculate the remainder when 3827924 is divided by 535.
534
What is the remainder when 3068341 is divided by 454?
209
Calculate the remainder when 17785762 is divided by 87.
4
What is the remainder when 4735659 is divided by 495?
489
What is the remainder when 2389715 is divided by 28?
27
Calculate the remainder when 2351140 is divided by 311.
291
What is the remainder when 117808 is divided by 16804?
180
Calculate the remainder when 34588620 is divided by 39.
27
Calculate the remainder when 211307 is divided by 52821.
23
Calculate the remainder when 611448 is divided by 42.
12
Calculate the remainder when 115625 is divided by 1817.
1154
What is the remainder when 44215193 is divided by 474?
473
Calculate the remainder when 675638 is divided by 1041.
29
What is the remainder when 44208674 is divided by 315?
314
Calculate the remainder when 1792695 is divided by 14457.
27
Calculate the remainder when 9225889 is divided by 340.
329
Calculate the remainder when 13354108 is divided by 526.
20
What is the remainder when 11799736 is divided by 368736?
184
Calculate the remainder when 2651768 is divided by 117.
80
Calculate the remainder when 13916899 is divided by 218.
215
What is the remainder when 283500 is divided by 261?
54
Calculate the remainder when 1047342480 is divided by 363.
360
Calculate the remainder when 148774 is divided by 297.
274
Calculate the remainder when 878291 is divided by 319.
84
Calculate the remainder when 791409 is divided by 39.
21
Calculate the remainder when 8611383 is divided by 22.
11
Calculate the remainder when 165570 is divided by 33066.
240
What is the remainder when 3969568 is divided by 800?
768
Calculate the remainder when 406019 is divided by 599.
496
Calculate the remainder when 78429 is divided by 38744.
941
Calculate the remainder when 173678954 is divided by 30.
14
Calculate the remainder when 2937081 is divided by 6556.
6549
Calculate the remainder when 48706388 is divided by 49.
45
What is the remainder when 2708019 is divided by 2?
1
Calculate the remainder when 149133951 is divided by 17.
6
What is the remainder when 15487358 is divided by 396?
194
What is the remainder when 132494 is divided by 43522?
1928
What